{"id":341,"date":"2016-12-12T17:48:38","date_gmt":"2016-12-12T16:48:38","guid":{"rendered":"http:\/\/theatredescinqjardins.fr\/?page_id=341"},"modified":"2021-03-29T09:15:29","modified_gmt":"2021-03-29T07:15:29","slug":"presentation","status":"publish","type":"page","link":"https:\/\/theatredescinqjardins.fr\/index.php\/presentation\/","title":{"rendered":"LA COMPAGNIE"},"content":{"rendered":"<p>La <strong>Cie Th\u00e9\u00e2tre des Cinq jardins<\/strong> existe depuis 1992. Elle a pour objectif\u00a0:<br \/>\n&#8211; La d\u00e9fense des \u0153uvres du pass\u00e9 dont la pr\u00e9sence \u00e9claire toujours notre pr\u00e9sent.<br \/>\n&#8211; La d\u00e9fense des \u0153uvres contemporaines, affrontant courageusement et avec talent les probl\u00e9matiques de notre temps.<br \/>\n&#8211; La recherche de formes ou de langages nouveaux, susceptibles d&rsquo;\u00e9clairer ou d&rsquo;affiner notre conscience et notre pratique de l&rsquo;existence.<br \/>\n&#8211; La recherche d&rsquo;un public \u00e9loign\u00e9 des lieux traditionnels du th\u00e9\u00e2tre.<br \/>\n&#8211; L&rsquo;\u00e9change entre les cultures.<\/p>\n<p>Les fondateurs, Jacqueline SCALABRINI et Robert CONDAMIN ont \u00e9t\u00e9 rejoints par Garance PICQUE, Lisbeth DUFOUR, Lila A\u00cfSSAOUI, Saliha PICQUE, com\u00e9diennes et Audrey VALLARINO, danseuse de formation.<\/p>\n<p><img loading=\"lazy\" decoding=\"async\" class=\"size-medium wp-image-446 alignleft\" src=\"https:\/\/theatredescinqjardins.fr\/wp-content\/uploads\/2017\/01\/LMN9038-200x300.jpg\" alt=\"\" width=\"200\" height=\"300\" srcset=\"https:\/\/theatredescinqjardins.fr\/wp-content\/uploads\/2017\/01\/LMN9038-200x300.jpg 200w, https:\/\/theatredescinqjardins.fr\/wp-content\/uploads\/2017\/01\/LMN9038-768x1154.jpg 768w, https:\/\/theatredescinqjardins.fr\/wp-content\/uploads\/2017\/01\/LMN9038-681x1024.jpg 681w\" sizes=\"auto, (max-width: 200px) 100vw, 200px\" \/><\/p>\n<p><strong>Garance Picqu\u00e9<\/strong> a une formation de com\u00e9dienne et danseuse. Elle a travaill\u00e9 avec Robert Condamin et Jacqueline Scalabrini qui l\u2019ont form\u00e9e et avec qui elle a jou\u00e9 Ph\u00e8dre, La Huppe de la Conf\u00e9rence des Oiseaux, diff\u00e9rents travaux sur des auteurs du monde arabe, A. Laabi, N. Aba&#8230; Elle a \u00e9t\u00e9 aussi l\u2019interpr\u00e8te de nombreux spectacles jeune public.<br \/>\nElle\u00a0cr\u00e9e des masques et des marottes pour diff\u00e9rentes cr\u00e9ations de la compagnie.<br \/>\nForm\u00e9e \u00e0 la danse chez R. Hightower, M-C Dal Farra et B. Vandelli, elle met cette discipline au service des spectacles dans lesquels elle joue.<br \/>\nElle travaille sous la direction de metteurs en sc\u00e8ne tels que Robert Condamin (Th\u00e9\u00e2tre Septentrion), Philippe Bouclet (\u00ab\u00a0La Palatine\u00a0\u00bb de Philippe Bouclet et Sylvie Genty) ou Prosper Diss qui dirige le Th\u00e9\u00e2tre du Sablier\u00a0\u00e0 Orange.<br \/>\nEntre 2010 et 2016, elle y travaille comme com\u00e9dienne,\u00a0participe \u00e0 plusieurs cr\u00e9ations (dont \u00ab\u00a0Yerma\u00a0\u00bb de F. G. Lorca), y donne des ateliers scolaires et extra-scolaire, et initie le Festival jeune public \u00ab\u00a0Charivari\u00a0\u00bb.<br \/>\nDepuis 2016, elle s\u2019investie totalement dans la compagnie TH\u00c9\u00c2TRE DES CINQ JARDINS, d\u00e9veloppe des ateliers scolaires et extra-scolaires dans le Gard (30) et le Vaucluse (84), participe aux cr\u00e9ations de la compagnie : \u00ab\u00a0Sa\u00eeda et les Voleurs de Soleil\u00a0\u00bb d\u2019Abdellatif Laabi, \u00ab\u00a0Le Ventre de la Baleine\u00a0\u00bb de Stanislas Cotton, ainsi que \u00ab\u00a0Toto et la Joconde\u00a0\u00bb, \u00ab\u00a0L&rsquo;Enfant de Bagdad et la Petite T\u00eate\u00a0\u00bb, cr\u00e9ations\u00a0dirig\u00e9es et mises en sc\u00e8ne par Robert Condamin et Jacqueline Scalabrini.<br \/>\nDepuis 2017, elle collabore \u00e9galement en tant que metteur en sc\u00e8ne avec la compagnie Les Grains de Sable (84). ils cr\u00e9ent ensemble \u00ab\u00a0La Mastication des Morts \u00a0\u00bb de Patrick Kermann et \u00ab\u00a0L&rsquo;Etincelle\u00a0\u00bb de Michel Bellier.<\/p>\n<p>&nbsp;<\/p>\n<p><img loading=\"lazy\" decoding=\"async\" class=\"size-full wp-image-790 alignleft\" src=\"https:\/\/theatredescinqjardins.fr\/wp-content\/uploads\/2016\/12\/ROBERT-SITE.jpg\" alt=\"\" width=\"300\" height=\"300\" srcset=\"https:\/\/theatredescinqjardins.fr\/wp-content\/uploads\/2016\/12\/ROBERT-SITE.jpg 300w, https:\/\/theatredescinqjardins.fr\/wp-content\/uploads\/2016\/12\/ROBERT-SITE-150x150.jpg 150w\" sizes=\"auto, (max-width: 300px) 100vw, 300px\" \/><\/p>\n<div>\n<p><strong>Robert Condamin<\/strong> est com\u00e9dien et metteur en sc\u00e8ne. 1<sup>er<\/sup> prix de conservatoire de St Etienne et \u00e9l\u00e8ve stagiaire \u00e0 la Com\u00e9die de Grenoble chez Jean Dast\u00e9, il commence, d\u00e8s sa sortie du conservatoire, \u00e0 mettre en sc\u00e8ne des spectacles avec ses camarades. Puis il s\u2019exile \u00e0 Antibes avec sa compagne Jacqueline Scalabrini, o\u00f9 il fonde une jeune compagnie, avec laquelle il monte et joue de nombreux spectacles d\u2019auteurs classiques (Moli\u00e8re, Marivaux, Goldoni, Labiche, un n\u00f4 japonais de Z\u00e9ani) puis des contemporains (Ingmar Bergman, Bernard Shaw, Ionesco etc).<br \/>\nEn 1969, il est appel\u00e9 par Gabriel Monnet \u00e0 la cr\u00e9ation du Centre Dramatique de Nice et participera comme com\u00e9dien \u00e0 tous les spectacles de la compagnie. Il mettra en sc\u00e8ne notamment \u00ab\u00a0La Poche Parmentier\u00a0\u00bb de George P\u00e9rec (cr\u00e9ation mondiale). Robert Condamin poursuivra avec Jean-Pierre Bisson son travail de com\u00e9dien et metteur en sc\u00e8ne.<br \/>\nRobert Condamin quitte en 1980 le Centre National d\u2019Art Dramatique de Nice et fonde avec Jacqueline Scalabrini leur compagnie, le THEATRE SEPTENTRION. Ils travaillent notamment sur des auteurs du monde arabe mais aussi sur des auteurs classiques et contemporains. Une partie de l\u2019activit\u00e9 est consacr\u00e9e au th\u00e9\u00e2tre jeune public. Robert joue et met en sc\u00e8ne de nombreux spectacles, repr\u00e9sent\u00e9s dans les \u00e9coles et dans les salles de quartier, les th\u00e9\u00e2tres en PACA et en Occitanie entre autres.<\/p>\n<\/div>\n<p>&nbsp;<\/p>\n<p><img loading=\"lazy\" decoding=\"async\" class=\"size-medium wp-image-239 alignleft\" src=\"https:\/\/theatredescinqjardins.fr\/wp-content\/uploads\/2016\/12\/cropped-PHOTO-BOTTES-4-300x225.jpg\" alt=\"cropped-PHOTO-BOTTES-4.jpg\" width=\"300\" height=\"225\" srcset=\"https:\/\/theatredescinqjardins.fr\/wp-content\/uploads\/2016\/12\/cropped-PHOTO-BOTTES-4-300x225.jpg 300w, https:\/\/theatredescinqjardins.fr\/wp-content\/uploads\/2016\/12\/cropped-PHOTO-BOTTES-4-768x576.jpg 768w, https:\/\/theatredescinqjardins.fr\/wp-content\/uploads\/2016\/12\/cropped-PHOTO-BOTTES-4-1024x768.jpg 1024w, https:\/\/theatredescinqjardins.fr\/wp-content\/uploads\/2016\/12\/cropped-PHOTO-BOTTES-4.jpg 1920w\" sizes=\"auto, (max-width: 300px) 100vw, 300px\" \/><\/p>\n<p><strong>Lisbeth Dufour<\/strong> a \u00e9t\u00e9 form\u00e9e par Robert Condamin et Jacqueline Scalabrini du TH\u00c9\u00c2TRE SEPTENTRION.\u00a0Elle participe aux cr\u00e9ations de la compagnie TH\u00c9\u00c2TRE DES CINQ JARDINS, auteurs classiques, contemporains et spectacles jeunes publics.<br \/>\nElle a anim\u00e9 les ateliers th\u00e9\u00e2tre enfants et adultes \u00e0 Vallauris.<br \/>\nEn 2015, elle cr\u00e9e notamment \u00ab\u00a0Les Bottes\u00a0\u00bb, d&rsquo;apr\u00e8s la nouvelle Les Bottes du D\u00e9lire de Spojma\u00ef Zariab, mise en sc\u00e8ne par Robert Condamin.\u00a0En 2018, elle joue Toto dans le spectacle jeune public \u00ab\u00a0Toto et la Joconde\u00a0\u00bb.<br \/>\nDepuis 2012 elle collabore aussi avec la Compagnie F\u00e9es et Gestes (09), elle participe \u00e0 de nombreuses lectures et cr\u00e9ations de la compagnie. Elle s\u2019occupe des ateliers jeunes.<\/p>\n<p>&nbsp;<\/p>\n<p><img loading=\"lazy\" decoding=\"async\" class=\"wp-image-515 alignleft\" src=\"https:\/\/theatredescinqjardins.fr\/wp-content\/uploads\/2016\/12\/Nouvelle-image-200x300.jpg\" alt=\"\" width=\"200\" height=\"300\" srcset=\"https:\/\/theatredescinqjardins.fr\/wp-content\/uploads\/2016\/12\/Nouvelle-image-200x300.jpg 200w, https:\/\/theatredescinqjardins.fr\/wp-content\/uploads\/2016\/12\/Nouvelle-image-768x1152.jpg 768w, https:\/\/theatredescinqjardins.fr\/wp-content\/uploads\/2016\/12\/Nouvelle-image-683x1024.jpg 683w\" sizes=\"auto, (max-width: 200px) 100vw, 200px\" \/><\/p>\n<p><strong>Audrey Vallarino<\/strong>, apr\u00e8s avoir suivi ses \u00e9tudes au Conservatoire de Nice puis au Conservatoire National Sup\u00e9rieur de Lyon, int\u00e8gre le Ballet de l\u2019Op\u00e9ra de Nice en tant que danseuse soliste jusqu\u2019en 2000.<br \/>\nAudrey partage ensuite son temps entre la France et la Turquie et cr\u00e9e plusieurs \u0153uvres chor\u00e9graphiques. Dipl\u00f4m\u00e9e d\u2019\u00c9tat \u00e0 l&rsquo;enseignement de la danse, elle encadre aussi des ateliers de danse contemporaine et des cours de Ta\u00ef-chi \u00e0 l\u2019universit\u00e9 Bilgi d\u2019Istanbul.<br \/>\nDe retour \u00e0 Nice depuis 2002, Audrey se consacre \u00e0 ses activit\u00e9s de chor\u00e9graphe, de danseuse, de com\u00e9dienne, d&rsquo;assistante \u00e0 la mise en sc\u00e8ne, de performeuse et de Soundpainter en collaborant avec diverses compagnies, dont la compagnie de th\u00e9\u00e2tre musical et lyrique Auteuil Z\u00e9ro 4 Virgule 7, la Compagnie Humaine, Le Sixi\u00e8m\u00e9tage, le Th\u00e9\u00e2tre des Cinq Jardins, le Collectif La Machine, la Compagnie du Dire-Dire, B.A\u00a0.L,\u00a0<span style=\"font-size: 13.0pt;\">Les petites ouvreuses, Cadavres Exquis, Batik Soundpainting Orchestra, le Tours Soundpainting Orchestra, Strike Anywhere Performance Ensemble et Kollecti\u2019F.<br \/>\nPar l&rsquo;exploration et l&rsquo;exp\u00e9rimentation de disciplines autres que la Danse comme le Ta\u00ef-chi, le Qi Gong, les Manipulations de Tanaka Min, le Th\u00e9\u00e2tre et le Soundpainting, elle poursuit \u00e9galement sa recherche p\u00e9dagogique dans le cadre de la transmission artistique destin\u00e9e \u00e0 un large public et la met en pratique par le biais d&rsquo;ateliers et d&rsquo;actions artistiques au sein de conservatoires, en \u00e9tablissements scolaires de zones sensibles ainsi qu&rsquo;\u00e0 l&rsquo;Universit\u00e9 Nice Sophia Antipolis.<br \/>\n<\/span><span style=\"font-size: 13.0pt;\">En 2016, elle obtient le second niveau de Certification en Soundpainting musique et danse, en 2017 elle valide le second niveau multidisciplinaire.<\/span><\/p>\n<p>&nbsp;<\/p>\n<p><img loading=\"lazy\" decoding=\"async\" class=\"wp-image-678 alignleft\" src=\"https:\/\/theatredescinqjardins.fr\/wp-content\/uploads\/2016\/12\/Lila-Aissaoui_0006-300x200.jpg\" alt=\"\" width=\"335\" height=\"223\" srcset=\"https:\/\/theatredescinqjardins.fr\/wp-content\/uploads\/2016\/12\/Lila-Aissaoui_0006-300x200.jpg 300w, https:\/\/theatredescinqjardins.fr\/wp-content\/uploads\/2016\/12\/Lila-Aissaoui_0006-768x512.jpg 768w, https:\/\/theatredescinqjardins.fr\/wp-content\/uploads\/2016\/12\/Lila-Aissaoui_0006-1024x683.jpg 1024w\" sizes=\"auto, (max-width: 335px) 100vw, 335px\" \/><\/p>\n<p><strong>Lila Aissaoui<\/strong> a \u00e9t\u00e9 form\u00e9e par Marie-catherine Pereverzeff , Jacqueline Scalabrini et Robert Condamin au \u00ab\u00a0Th\u00e9\u00e2tre \u00e9cole de Vallauris\u00a0\u00bb o\u00f9 elle joue : Antigone de Sophocle\/Brecht , Nicole dans le Bourgeois gentilhomme de Moli\u00e8re ,Oenone dans ph\u00e8dre de Racine &#8230;<br \/>\nEn 1996 , elle int\u00e8gre la compagnie SEPTENTRION dirig\u00e9e par Robert Condamin et joue aussi bien des textes d&rsquo;auteurs classique, du monde Arabe que dans des spectacles jeune public .<br \/>\nElle anime aussi des ateliers th\u00e9\u00e2tre en milieu scolaire et extra scolaire .<br \/>\nParall\u00e8lement , Lila participe durant quelques ann\u00e9es \u00e0 des spectacles de danse ( com\u00e9dienne\/danseuse) avec la compagnie Trucmuche et R\u00e9ve\u00efda .<br \/>\nEn 2003 , elle est en r\u00e9sidence \u00e0 Marseille avec la compagnie LUK&rsquo;M dirig\u00e9e par Fr\u00e9d\u00e9rique Wolf-Michaux pour la cr\u00e9ation du spectacle \u00ab\u00a0La mer int\u00e9rieure\u00a0\u00bb au th\u00e9\u00e2tre du Merlan ( sc\u00e8ne nationale ) . Elle en profite pour faire des stages avec Fran\u00e7ois Cervantes qui dirige la compagnie L&rsquo; Entreprise .<br \/>\nA partir de 2006 , Lila joue r\u00e9guli\u00e8rement au TNN centre dramatique de Nice dans des mise-en sc\u00e8nes de Fr\u00e9d\u00e9ric Degoldfiem, Jacques Bellay, Linda Blanchet .<br \/>\nEn 2013 , elle participe au spectacle :\u00a0\u00bbNo man&rsquo;s langues\u00a0\u00bb\u00e0 l&rsquo;institut du monde arabe sous la direction de Georges Boukkof.<\/p>\n<p>&nbsp;<\/p>\n<p><strong><img loading=\"lazy\" decoding=\"async\" class=\"alignnone size-medium wp-image-824 alignleft\" src=\"https:\/\/theatredescinqjardins.fr\/wp-content\/uploads\/2016\/12\/saliha-252x300.jpg\" alt=\"\" width=\"252\" height=\"300\" srcset=\"https:\/\/theatredescinqjardins.fr\/wp-content\/uploads\/2016\/12\/saliha-252x300.jpg 252w, https:\/\/theatredescinqjardins.fr\/wp-content\/uploads\/2016\/12\/saliha-768x916.jpg 768w, https:\/\/theatredescinqjardins.fr\/wp-content\/uploads\/2016\/12\/saliha-858x1024.jpg 858w\" sizes=\"auto, (max-width: 252px) 100vw, 252px\" \/>Saliha Picqu\u00e9<\/strong> est form\u00e9e au m\u00e9tier de com\u00e9dienne par Robert Condamin et Jacqueline Scalabrini. Elle jouera notamment avec la compagnie de grands r\u00f4les tels qu\u2019Aphrodite (\u00abPh\u00e8dre\u00bb &#8211; Euripide), Juliette (\u00abRom\u00e9oS et JulietteS\u00bb &#8211; montage Shakespeare), Lucietta (\u00abCiao Goldoni\u00a0!\u00bb d\u2019apr\u00e8s Goldoni) ou encore Louison (\u00abL\u2019Impromptu de Vallauris\u00bb &#8211; autour de Moli\u00e8re) ainsi que certaines cr\u00e9ations jeune public telles que \u00abLa plan\u00e8te des Sacs\u00bb.<br \/>\nElle travaille avec la compagnie F\u00e9es et Gestes pour qui elle interpr\u00e8te Hermia dans \u00abLe Songe d\u2019une Nuit d\u2019\u00e9t\u00e9\u00bb\u00a0 de Shakespeare.<br \/>\nElle s\u2019\u00e9loigne de la sc\u00e8ne quelques ann\u00e9es pour s\u2019enrichir d\u2019autres exp\u00e9riences.<br \/>\nElle retrouve les planches avec la compagnie Th\u00e9\u00e2tre des Cinq Jardins pour le spectacle \u00abLe Voyage de Goutelette et Lolo\u00bb.<\/p>\n<p>&nbsp;<\/p>\n<p><img loading=\"lazy\" decoding=\"async\" class=\"wp-image-516 alignleft\" src=\"https:\/\/theatredescinqjardins.fr\/wp-content\/uploads\/2016\/12\/LMN7080-300x200.jpg\" alt=\"\" width=\"360\" height=\"240\" srcset=\"https:\/\/theatredescinqjardins.fr\/wp-content\/uploads\/2016\/12\/LMN7080-300x200.jpg 300w, https:\/\/theatredescinqjardins.fr\/wp-content\/uploads\/2016\/12\/LMN7080-768x511.jpg 768w, https:\/\/theatredescinqjardins.fr\/wp-content\/uploads\/2016\/12\/LMN7080-1024x681.jpg 1024w\" sizes=\"auto, (max-width: 360px) 100vw, 360px\" \/><\/p>\n<p><strong>Jacqueline Scalabrini<\/strong> a \u00e9t\u00e9 form\u00e9e par Jean Dast\u00e9 avec qui elle a d\u00e9but\u00e9 \u00e0 la Com\u00e9die de Saint-Etienne. Elle s&rsquo;installera \u00e0 Antibes avec Robert Condamin. Fid\u00e8le compagne de la d\u00e9centralisation th\u00e9\u00e2trale, elle a travaill\u00e9 pendant dix ans avec Gabriel MONNET et Jean-Pierre\u00a0BISSON, com\u00e9dienne permanente du Th\u00e9\u00e2tre de Nice.<br \/>\nElle a ensuite fond\u00e9 avec son compagnon Robert Condamin\u00a0la compagnie\u00a0 TH\u00c9\u00c2TRE SEPTENTRION, avec laquelle elle a jou\u00e9 de nombreux r\u00f4les classiques et contemporains et des spectacles jeune\u00a0public. Elle s&rsquo;int\u00e9resse beaucoup \u00e0 l&rsquo;univers du conte, et aux auteurs du monde arabe et les portera \u00e0 la sc\u00e8ne dans de nombreux spectacles.<br \/>\nDepuis 2001, elle a collabor\u00e9 r\u00e9guli\u00e8rement avec le TH\u00c9\u00c2TRE NATIONAL DE NICE dans des mises en sc\u00e8ne de Daniel\u00a0Benoin, Alfredo Arias, Antoine Bourseiller et Paulo Correia tout en continuant de participer activement aux cr\u00e9ations du THEATRE DES CINQ JARDINS, avec lequel elle cr\u00e9e notamment le r\u00f4le de Madeleine dans le Savannah Bay de Marguerite Duras.<\/p>\n","protected":false},"excerpt":{"rendered":"<p>La Cie Th\u00e9\u00e2tre des Cinq jardins existe depuis 1992. Elle a pour objectif\u00a0: &#8211; La d\u00e9fense des \u0153uvres du pass\u00e9 dont la pr\u00e9sence&#8230;<\/p>\n","protected":false},"author":1,"featured_media":0,"parent":0,"menu_order":0,"comment_status":"closed","ping_status":"closed","template":"","meta":{"footnotes":""},"class_list":["post-341","page","type-page","status-publish","hentry"],"_links":{"self":[{"href":"https:\/\/theatredescinqjardins.fr\/index.php\/wp-json\/wp\/v2\/pages\/341","targetHints":{"allow":["GET"]}}],"collection":[{"href":"https:\/\/theatredescinqjardins.fr\/index.php\/wp-json\/wp\/v2\/pages"}],"about":[{"href":"https:\/\/theatredescinqjardins.fr\/index.php\/wp-json\/wp\/v2\/types\/page"}],"author":[{"embeddable":true,"href":"https:\/\/theatredescinqjardins.fr\/index.php\/wp-json\/wp\/v2\/users\/1"}],"replies":[{"embeddable":true,"href":"https:\/\/theatredescinqjardins.fr\/index.php\/wp-json\/wp\/v2\/comments?post=341"}],"version-history":[{"count":40,"href":"https:\/\/theatredescinqjardins.fr\/index.php\/wp-json\/wp\/v2\/pages\/341\/revisions"}],"predecessor-version":[{"id":826,"href":"https:\/\/theatredescinqjardins.fr\/index.php\/wp-json\/wp\/v2\/pages\/341\/revisions\/826"}],"wp:attachment":[{"href":"https:\/\/theatredescinqjardins.fr\/index.php\/wp-json\/wp\/v2\/media?parent=341"}],"curies":[{"name":"wp","href":"https:\/\/api.w.org\/{rel}","templated":true}]}}